{"id":615,"date":"2023-06-08T15:20:12","date_gmt":"2023-06-08T12:20:12","guid":{"rendered":"https:\/\/scoala184.ro\/site\/?page_id=615"},"modified":"2025-11-10T13:51:27","modified_gmt":"2025-11-10T10:51:27","slug":"echipa-noastra","status":"publish","type":"page","link":"https:\/\/scoala184.ro\/site\/echipa-noastra\/","title":{"rendered":"ECHIPA NOASTRA"},"content":{"rendered":"<h3>Director adjunct<\/h3>\n<h4>PROF. MACOVEI MIHAELA ELENA<\/h4>\n<h4>PRE\u0218COLAR<\/h4>\n<p>MIREA ADRIANA &#8211; prof.pt.\u00eenv. primar \u0219i pre\u0219colar &#8211; Grupa mare<\/p>\n<p>ROMAN AMELIA &#8211; educatoare &#8211; Grupa mijlocie<\/p>\n<h4>\u00ceNV\u0102\u021a\u0102TORI<\/h4>\n<p>DITU GEORGIANA &#8211; \u00eenv\u0103\u021b\u0103toare &#8211; CLASA PREG\u0102TITOARE<\/p>\n<p>ZAHARIA EUGENIA &#8211; prof.pt.\u00eenv. primar &#8211; CLASA I<\/p>\n<p>TACU ANCA &#8211; prof.pt.\u00eenv. primar &#8211; CLASA II<\/p>\n<p>GLI\u0218C\u0102 ELENA &#8211; \u00eenv\u0103\u021b\u0103toare &#8211; CLASA a III-a<\/p>\n<p>SCRIPCARIU LICA &#8211; prof.pt.\u00eenv. primar &#8211; CLASA a IV-a<\/p>\n<h4>PROFESORI<\/h4>\n<p>MELENTE VALENTINA &#8211; PROF. CHIMIE<\/p>\n<p>APOSTOLESCU EMILIA &#8211; PROF. GEOGRAFIE<\/p>\n<p>\u021aUGUI \u0218TEFANA &#8211; PROF ISTORIE<\/p>\n<p>CHI\u021aULESCU C\u0102T\u0102LINA &#8211; INSTRUCTOR PRACTICA ADS<\/p>\n<p>ILIESCU COSMIN &#8211; PROF MATEMATIC\u0102 &#8211; DIRIGINTE CLASA A V-A<\/p>\n<p>FOGARTY IRINA MARIA &#8211; PROF MATEMATIC\u0102 ADS<\/p>\n<p>ENACHE EMILIAN &#8211; INSTRUCTOR PRACTICA ADS<\/p>\n<p>ROTARU CONSTANTA &#8211; PROF. FRANCEZ\u0102 ADS<\/p>\n<p>GHEORGHE DUMITRA &#8211; PROF. BIOLOGIE<\/p>\n<p>VASILE ALISA &#8211; PROF. EDUCA\u021aIE PLASTIC\u0102<\/p>\n<p>MANOLACHE THEODORA DANIELA &#8211; PROF. T.I.C. ADS<\/p>\n<p>MARIN FLORIN GABRIEL &#8211; PROF. EDUCA\u021aIE TEHNOLOGIC\u0102<\/p>\n<p>MATEESCU CRISTIAN &#8211; INSTRUCTOR PRACTICA ADS<\/p>\n<p>MUREANU ELIZA ELENA &#8211; PROF. EDUCA\u021aIE FIZIC\u0102 &#8211; DIRIGINTE CLASA A VI-A<\/p>\n<p>PARASCHIVESCU LUCICA &#8211; PROF. EDUCA\u021aIE SOCIAL\u0102<\/p>\n<p>POP DIANA MIHAELA &#8211; PROF. LIMBA \u0218I LITERATURA ROM\u00c2N\u0102 &#8211; DIRIGINTE CLASA A VII-A<\/p>\n<p>VLAICU OLIMPIA &#8211; PROF EDUCA\u021aIE MUZICAL\u0102<\/p>\n<p>FLICTER MIHALI TEREZA VASILICA &#8211; PROF. RELIGIE<\/p>\n<p>STOICA ANCU\u021aA LAVINIA &#8211; PROF. LIMBA ENGLEZ\u0102 &#8211; DIRIGINTE CLASA A VIII-A<\/p>\n<p>VELEA CARMEL ROBERTINO &#8211; PROF. GEOGRAFIE ADS<\/p>\n<p>TURCU PETRE &#8211; INSTRUCTOR PRACTICA ADS<\/p>\n<p>VASILE DUMITRA &#8211; PROF. FIZIC\u0102<\/p>\n<p>ZAPCIU STELIANA &#8211; INSTRUCTOR PRACTICA ADS<\/p>\n<p>NICOLAE VLAD ADRIAN &#8211; PROF. T.I.C.<\/p>\n<h4>PERSONAL DIDACTIC AUXILIAR<\/h4>\n<p>MANOLACHE MONICA &#8211; SECRETAR<\/p>\n<p>MANOLACHE MONICA &#8211; ADMINISTRATOR DE PATRIMONIU<\/p>\n<p>DINCA NICOLETA &#8211; ADMINISTRATOR FINANCIAR<\/p>\n<p>MARIN FLORIN GABRIEL- INFORMATICIAN<\/p>\n<h4>PERSONAL NEDIDACTIC<\/h4>\n<p>H\u00c2RD\u0102U ELENA &#8211; \u00ceNGRIJITOR<\/p>\n<p>BARTALIS MIHAELA &#8211; \u00ceNGRIJITOR<\/p>\n<p>STAN DANIELA &#8211; \u00ceNGRIJITOR<\/p>\n<p>CRISTIAN DANIEL MATAC &#8211; MUNCITOR<\/p>\n","protected":false},"excerpt":{"rendered":"<p>Director adjunct PROF. MACOVEI MIHAELA ELENA PRE\u0218COLAR MIREA ADRIANA &#8211; prof.pt.\u00eenv. primar \u0219i pre\u0219colar &#8211; Grupa mare ROMAN AMELIA &#8211; educatoare &#8211; Grupa mijlocie \u00ceNV\u0102\u021a\u0102TORI DITU GEORGIANA &#8211; \u00eenv\u0103\u021b\u0103toare &#8211;&hellip;<\/p>\n<div class=\"read-more\"><a href=\"https:\/\/scoala184.ro\/site\/echipa-noastra\/\" class=\"read-more-link\">See More<\/a><\/div>\n","protected":false},"author":1,"featured_media":0,"parent":0,"menu_order":0,"comment_status":"closed","ping_status":"closed","template":"","meta":{"footnotes":""},"class_list":["post-615","page","type-page","status-publish","hentry"],"_links":{"self":[{"href":"https:\/\/scoala184.ro\/site\/wp-json\/wp\/v2\/pages\/615","targetHints":{"allow":["GET"]}}],"collection":[{"href":"https:\/\/scoala184.ro\/site\/wp-json\/wp\/v2\/pages"}],"about":[{"href":"https:\/\/scoala184.ro\/site\/wp-json\/wp\/v2\/types\/page"}],"author":[{"embeddable":true,"href":"https:\/\/scoala184.ro\/site\/wp-json\/wp\/v2\/users\/1"}],"replies":[{"embeddable":true,"href":"https:\/\/scoala184.ro\/site\/wp-json\/wp\/v2\/comments?post=615"}],"version-history":[{"count":10,"href":"https:\/\/scoala184.ro\/site\/wp-json\/wp\/v2\/pages\/615\/revisions"}],"predecessor-version":[{"id":903,"href":"https:\/\/scoala184.ro\/site\/wp-json\/wp\/v2\/pages\/615\/revisions\/903"}],"wp:attachment":[{"href":"https:\/\/scoala184.ro\/site\/wp-json\/wp\/v2\/media?parent=615"}],"curies":[{"name":"wp","href":"https:\/\/api.w.org\/{rel}","templated":true}]}}